7
In base 9, what is -3 + -608?
-612
In base 16, what is -20 + -4?
-24
In base 3, what is -1011 - -2012?
1001
In base 8, what is -5 + 312?
305
In base 4, what is 1331311 + -11?
1331300
In base 15, what is 9 - 5a?
-51
In base 14, what is 5 - -390?
395
In base 4, what is -10 + 331?
321
In base 9, what is -277 + 2?
-275
In base 13, what is -5 + 1086?
1081
In base 6, what is -154 + -1225?
-1423
In base 10, what is 2 - -204?
206
In base 10, what is -2 - -2654?
2652
In base 2, what is 1010100111101 + 11?
1010101000000
In base 3, what is -1 + 2102012?
2102011
In base 5, what is -2 - -134?
132
In base 6, what is 52 - 5?
43
In base 8, what is 4 - -2036?
2042
In base 3, what is -22 - 112?
-211
In base 10, what is -4 + -351?
-355
In base 16, what is 204 + -3?
201
In base 6, what is 2221 + 10?
2231
In base 5, what is -34 - -323?
234
In base 9, what is -78 + -5?
-84
In base 6, what is -15110 - 1?
-15111
In base 9, what is 23 - -200?
223
In base 12, what is -79 + 5?
-74
In base 12, what is 2 - 3ab7?
-3ab5
In base 11, what is 5 - -65a?
664
In base 16, what is d9 - -3?
dc
In base 13, what is 3a + 9?
46
In base 5, what is -24324 - 1?
-24330
In base 8, what is 15 - -11?
26
In base 14, what is -2 - -12a?
128
In base 15, what is -23d - -4?
-239
In base 9, what is 12 + 1080?
1102
In base 4, what is -12113 - 0?
-12113
In base 8, what is 3 + -47?
-44
In base 11, what is 603 + 5?
608
In base 6, what is 150450 - -5?
150455
In base 13, what is 454 - -1?
455
In base 14, what is 2 - 14?
-12
In base 11, what is -12 + -55?
-67
In base 2, what is -101 + -101000110?
-101001011
In base 2, what is 101110110111111 + 100?
101110111000011
In base 15, what is 2 + 31?
33
In base 2, what is 101 + -10?
11
In base 12, what is -2413 - -3?
-2410
In base 2, what is -100 + -10000100101100?
-10000100110000
In base 4, what is 2201 - -10?
2211
In base 11, what is -164 - 80?
-234
In base 10, what is 1 + -278?
-277
In base 15, what is -44 - b?
-50
In base 8, what is -20 - -2?
-16
In base 5, what is -12404 - 2?
-12411
In base 6, what is 110 + -4?
102
In base 5, what is 3 + 2201?
2204
In base 12, what is 1 - 288?
-287
In base 15, what is -4e + 2?
-4c
In base 10, what is -1381 - 5?
-1386
In base 15, what is -c - 25?
-32
In base 15, what is 3 + -396?
-393
In base 11, what is 0 - 215a?
-215a
In base 14, what is 10 - 76?
-66
In base 16, what is 15 + -7?
e
In base 10, what is -4 + 69?
65
In base 3, what is -220 + -20012?
-21002
In base 8, what is 5 - -1273?
1300
In base 15, what is -8d1 + 1?
-8d0
In base 4, what is 32 + 12?
110
In base 7, what is -130 - 1?
-131
In base 16, what is b1e + 1?
b1f
In base 13, what is 3 - -3?
6
In base 13, what is 1 - -108?
109
In base 14, what is -3 - -2d?
2a
In base 5, what is -34401 - -1?
-34400
In base 10, what is -4708 - 5?
-4713
In base 10, what is 31 + 11?
42
In base 5, what is -10 - 44423?
-44433
In base 14, what is -674 + 1?
-673
In base 11, what is -5 - -a8?
a3
In base 13, what is -6 + -55?
-5b
In base 2, what is 101 + 1110111?
1111100
In base 16, what is a - 195?
-18b
In base 14, what is -a9b + 1?
-a9a
In base 3, what is -2 - 1?
-10
In base 9, what is -4 - 2835?
-2840
In base 4, what is -22 - 12020?
-12102
In base 9, what is -7174 + 0?
-7174
In base 8, what is -4 + -11?
-15
In base 2, what is -1 + -110000110?
-110000111
In base 8, what is -41 + -1?
-42
In base 15, what is 4 + -62?
-5d
In base 6, what is 20 + 41?
101
In base 13, what is -1056 - -1?
-1055
In base 3, what is 211110 - -112?
211222
In base 9, what is 43 + -2?
41
In base 9, what is -4 - 74?
-78
In base 7, what is 12 + -541?
-526
In base 14, what is -103b + 7?
-1034
In base 14, what is 1 + 406?
407
In base 9, what is 3 - 227?
-224
In base 13, what is 5 + 25?
2a
In base 6, what is -1 - -43302?
43301
In base 4, what is 0 + -122?
-122
In base 13, what is -75 - -4?
-71
In base 5, what is -1 + 3320?
3314
In base 3, what is 0 - -11011?
11011
In base 8, what is 15 - -20?
35
In base 3, what is 0 - 11221?
-11221
In base 14, what is -1 - 88?
-89
In base 15, what is 4 + 2450?
2454
In base 5, what is 10 + -23?
-13
In base 6, what is 3 - -124?
131
In base 14, what is 1 + 28a?
28b
In base 8, what is 6 + 24?
32
In base 4, what is -130011 + -10?
-130021
In base 16, what is 1 + -423?
-422
In base 9, what is 8344 + -3?
8341
In base 11, what is -2 + 1561?
155a
In base 12, what is 5 - 1ab?
-1a6
In base 7, what is 5 + -6304?
-6266
In base 7, what is -41 - 22?
-63
In base 5, what is -3 - -4400?
4342
In base 15, what is 23 + -3?
20
In base 2, what is 1100100100111 + -1?
1100100100110
In base 9, what is -66 - -5?
-61
In base 8, what is -4 + -1002?
-1006
In base 2, what is 0 + 1000011?
1000011
In base 9, what is 22 + 103?
125
In base 14, what is 2 - -1b2a?
1b2c
In base 4, what is 11 + 203331?
210002
In base 16, what is -2 - 2f?
-31
In base 5, what is 104 - 0?
104
In base 13, what is 1 - -969?
96a
In base 15, what is -5 + -28?
-2d
In base 12, what is 2 + -133?
-131
In base 15, what is 3 - 289?
-286
In base 4, what is 3 - 222?
-213
In base 15, what is -1860 + 5?
-185a
In base 12, what is 0 - -58b?
58b
In base 13, what is -1 - -1033?
1032
In base 12, what is 23b0 + 0?
23b0
In base 3, what is 111 + -12221?
-12110
In base 14, what is -3 - -12?
d
In base 2, what is 1010 + 10011010?
10100100
In base 10, what is -24 - -1684?
1660
In base 15, what is -12 - 12?
-24
In base 9, what is 48 - -8?
57
In base 10, what is -992 - -5?
-987
In base 3, what is 102 - -21?
200
In base 15, what is -d - -2c?
1e
In base 16, what is 1 + 2fc?
2fd
In base 12, what is -3b - 1a?
-59
In base 7, what is -655 - 5?
-663
In base 7, what is 5 + -1645?
-1640
In base 15, what is -1164 - 3?
-1167
In base 2, what is 1100011110 - 11?
1100011011
In base 5, what is -3 + -320?
-323
In base 5, what is -134 - 3?
-142
In base 6, what is 12 + -13503?
-13451
In base 3, what is 10012 + -2222?
20
In base 5, what is -14 - 140?
-204
In base 16, what is 0 - -fbc?
fbc
In base 13, what is 1690 + -a?
1683
In base 10, what is -3 - 409?
-412
In base 13, what is 5 + 88c?
894
In base 2, what is -10000000011011 - -10?
-10000000011001
In base 5, what is 13 + -10113?
-10100
In base 5, what is 111 - -4?
120
In base 2, what is -11010101111010 + 11?
-11010101110111
In base 6, what is -2 - -451?
445
In base 16, what is ad - -4?
b1
In base 13, what is 17 - -6?
20
In base 11, what is 81 - -25a?
330
In base 7, what is -12516 - 4?
-12523
In base 15, what is -1 - -76b?
76a
In base 2, what is 100 - -11101111?
11110011
In base 14, what is -3c - -5?
-37
In base 6, what is 0 + 3?
3
In base 15, what is -1e5 - -c?
-1d8
In base 2, what is 110011010 - 0?
110011010
In base 4, what is 1 + -1223331?
-1223330
In base 14, what is 4d + -3?
4a
In base 4, what is 1332 + -200?
1132
In base 2, what is 10110 - -111?
11101
In base 11, what is 2793 + -5?
2789
In base 6, what is 5 + -322?
-313
In base 2, what is -1 + 10010?
10001
In base 9, what is 1 - -1350?
1351
In base 6, what is 5 + 25?
34
In base 14, what is 3 - -142?
145
In base 4, what is -2210 + 13?
-2131
In base 6, what is 2 - -22310?
22312
In base 2, what is -100 - -111100?
111000
In base 8, what is 252 - -3?
255
In base 8, what is -121 - 4?
-125
In base 11, what is 4 - 17?
-13
In base 12, what is 155 - -29?
182
In base 15, what is -51 - 1?
-52
In base 7, what is 2002 - -1?
2003
In base 4, what is -1 - 10100?
-10101
In base 16, what is -17 - -e5?
ce
In base 10, what is 13 + -9?
4
In base 4, what is -120202 - 13?
-120221
In base 9, what is 17 - 430?
-412
In base 14, what is -1 + c2?
c1
In base 2, what is 100 + -1110011001?
-1110010101
In base 8, what is 0 - 27?
-27
In base 16, what is -22 - -8?
-1a
In base 7, what is -50 + 4?
-43
In base 11, what is 548 - -3?
550
In base 15, what is -5 - 7d2?
-7d7
In base 3, what is -201 - -100?
-101
In base 11, what is 7 - -59?
65
In base 11, what is 64 - -4?
68
In base 10, what is 759 + -26?
733
In base 3, what is 12 + -11120?
-11101
In base 16, what is 21d4 + -3?
21d1
In base 7, what is -14 - -3?
-11
In base 2, what is -1111010 - -1111101?
11
In base 9, what is 480 - -2?
482
In base 5, what is 2 - 202?
-200
In base 11, what is -3 - -3007?
3004
In base 6, what is 12 + -4044?
-4032
In base 9, what is -7 + 82?
74
In base 9, what is 4 - 18?
-14
In base 13, what is 4 + -5b?
-57
In base 9, what is 0 - -62?
62
In base 15, what